{"id":633,"date":"2019-02-09T16:18:43","date_gmt":"2019-02-09T15:18:43","guid":{"rendered":"http:\/\/visualreklama.pl\/?page_id=633"},"modified":"2019-06-24T16:46:34","modified_gmt":"2019-06-24T14:46:34","slug":"torby-plecaki-z-logo","status":"publish","type":"page","link":"https:\/\/visualreklama.pl\/index.php\/odziez-i-upominki\/torby-plecaki-z-logo\/","title":{"rendered":"Torby, plecaki z logo"},"content":{"rendered":"\t\t<div data-elementor-type=\"wp-post\" data-elementor-id=\"633\" class=\"elementor elementor-633\" data-elementor-post-type=\"page\">\n\t\t\t\t\t\t<section class=\"elementor-section elementor-top-section elementor-element elementor-element-f90d9d8 elementor-section-full_width elementor-hidden-desktop elementor-hidden-tablet elementor-section-height-default elementor-section-height-default\" data-id=\"f90d9d8\" data-element_type=\"section\" data-e-type=\"section\" data-settings=\"{&quot;background_background&quot;:&quot;classic&quot;}\">\n\t\t\t\t\t\t<div class=\"elementor-container elementor-column-gap-no\">\n\t\t\t\t\t<div class=\"elementor-column elementor-col-100 elementor-top-column elementor-element elementor-element-39900121\" data-id=\"39900121\" data-element_type=\"column\" data-e-type=\"column\">\n\t\t\t<div class=\"elementor-widget-wrap elementor-element-populated\">\n\t\t\t\t\t\t<div class=\"elementor-element elementor-element-63255b96 elementor-widget elementor-widget-image\" data-id=\"63255b96\" data-element_type=\"widget\" data-e-type=\"widget\" data-widget_type=\"image.default\">\n\t\t\t\t<div class=\"elementor-widget-container\">\n\t\t\t\t\t\t\t\t\t\t\t\t\t\t\t<img fetchpriority=\"high\" decoding=\"async\" width=\"768\" height=\"512\" src=\"https:\/\/visualreklama.pl\/wp-content\/uploads\/2019\/06\/zdjecie-torby-plecaki-z-logo-768x512.jpg\" class=\"attachment-medium_large size-medium_large wp-image-1704\" alt=\"\" srcset=\"https:\/\/visualreklama.pl\/wp-content\/uploads\/2019\/06\/zdjecie-torby-plecaki-z-logo-768x512.jpg 768w, https:\/\/visualreklama.pl\/wp-content\/uploads\/2019\/06\/zdjecie-torby-plecaki-z-logo-300x200.jpg 300w, https:\/\/visualreklama.pl\/wp-content\/uploads\/2019\/06\/zdjecie-torby-plecaki-z-logo-1024x682.jpg 1024w, https:\/\/visualreklama.pl\/wp-content\/uploads\/2019\/06\/zdjecie-torby-plecaki-z-logo-e1561194652711.jpg 1500w\" sizes=\"(max-width: 768px) 100vw, 768px\" \/>\t\t\t\t\t\t\t\t\t\t\t\t\t\t\t<\/div>\n\t\t\t\t<\/div>\n\t\t\t\t<div class=\"elementor-element elementor-element-3cc6dba3 section-about-services elementor-widget elementor-widget-text-editor\" data-id=\"3cc6dba3\" data-element_type=\"widget\" data-e-type=\"widget\" data-widget_type=\"text-editor.default\">\n\t\t\t\t<div class=\"elementor-widget-container\">\n\t\t\t\t\t\t\t\t\t<p>Znakujemy wszelkiego rodzaju torby, plecaki, worki sportowe, aby sta\u0142y si\u0119 wizyt\u00f3wk\u0105 Pa\u0144stwa firmy. Oferujemy produkty kilkudzi\u0119sieciu marek w r\u00f3\u017cnych wariantach kolorystycznych i rozmiarach oraz proponujemy najnowocze\u015bniejsze metody znakowania, takie jak: haft, druk cyfrowy, sitodruk czy termotransfer.<\/p>\t\t\t\t\t\t\t\t<\/div>\n\t\t\t\t<\/div>\n\t\t\t\t<div class=\"elementor-element elementor-element-6f000df6 elementor-nav-menu__align-center elementor-nav-menu__text-align-center elementor-nav-menu--dropdown-mobile elementor-widget elementor-widget-nav-menu\" data-id=\"6f000df6\" data-element_type=\"widget\" data-e-type=\"widget\" data-settings=\"{&quot;layout&quot;:&quot;vertical&quot;,&quot;submenu_icon&quot;:{&quot;value&quot;:&quot;&lt;i class=\\&quot;fa fa-caret-down\\&quot; aria-hidden=\\&quot;true\\&quot;&gt;&lt;\\\/i&gt;&quot;,&quot;library&quot;:&quot;fa-solid&quot;}}\" data-widget_type=\"nav-menu.default\">\n\t\t\t\t<div class=\"elementor-widget-container\">\n\t\t\t\t\t\t\t\t<nav aria-label=\"Menu\" class=\"elementor-nav-menu--main elementor-nav-menu__container elementor-nav-menu--layout-vertical e--pointer-background e--animation-none\">\n\t\t\t\t<ul id=\"menu-1-6f000df6\" class=\"elementor-nav-menu sm-vertical\"><li class=\"menu-item menu-item-type-post_type menu-item-object-page menu-item-720\"><a href=\"https:\/\/visualreklama.pl\/index.php\/odziez-i-upominki\/\" class=\"elementor-item\">Odzie\u017c i upominki<\/a><\/li>\n<li class=\"menu-item menu-item-type-post_type menu-item-object-page menu-item-721\"><a href=\"https:\/\/visualreklama.pl\/index.php\/odziez-i-upominki\/odziez-sportowa-biznesowa-robocza\/\" class=\"elementor-item\">Odzie\u017c sportowa, biznesowa, robocza<\/a><\/li>\n<li class=\"menu-item menu-item-type-post_type menu-item-object-page menu-item-722\"><a href=\"https:\/\/visualreklama.pl\/index.php\/odziez-i-upominki\/torby-plecaki-z-logo\/\" class=\"elementor-item\">Torby, plecaki z logo<\/a><\/li>\n<li class=\"menu-item menu-item-type-post_type menu-item-object-page menu-item-723\"><a href=\"https:\/\/visualreklama.pl\/index.php\/odziez-i-upominki\/reczniki-drukowane-i-z-haftem\/\" class=\"elementor-item\">R\u0119czniki drukowane i z haftem<\/a><\/li>\n<li class=\"menu-item menu-item-type-post_type menu-item-object-page menu-item-724\"><a href=\"https:\/\/visualreklama.pl\/index.php\/odziez-i-upominki\/odziez-bhp\/\" class=\"elementor-item\">Odzie\u017c BHP<\/a><\/li>\n<li class=\"menu-item menu-item-type-post_type menu-item-object-page menu-item-has-children menu-item-725\"><a href=\"https:\/\/visualreklama.pl\/index.php\/odziez-i-upominki\/upominki-z-logo\/\" class=\"elementor-item\">Upominki z logo<\/a>\n<ul class=\"sub-menu elementor-nav-menu--dropdown\">\n\t<li class=\"menu-item menu-item-type-custom menu-item-object-custom menu-item-2600\"><a href=\"http:\/\/pen4you.pl\/visualreklama\/oferta\/\" class=\"elementor-sub-item\">D\u0142ugopisy plastikowe<\/a><\/li>\n\t<li class=\"menu-item menu-item-type-custom menu-item-object-custom menu-item-2601\"><a href=\"http:\/\/www.kolekcja-millenium.pl\/pl\/dlugopis.php?s=1&#038;g=1\" class=\"elementor-sub-item\">D\u0142ugopisy metalowe<\/a><\/li>\n\t<li class=\"menu-item menu-item-type-custom menu-item-object-custom menu-item-2602\"><a href=\"https:\/\/www.royaldesign.pl\/products\" class=\"elementor-sub-item\">Upominki reklamowe<\/a><\/li>\n\t<li class=\"menu-item menu-item-type-custom menu-item-object-custom menu-item-2603\"><a href=\"http:\/\/www.its-easy-now.tiphost.net\/pl-123ce316d60d\/visual-anna-zelazek\" class=\"elementor-sub-item\">Katalog produkt\u00f3w reklamowych 1<\/a><\/li>\n\t<li class=\"menu-item menu-item-type-custom menu-item-object-custom menu-item-2604\"><a href=\"http:\/\/www.m-collection.tiphost.net\/index.php?lang=pl&#038;vkey=d6a692a7980d\" class=\"elementor-sub-item\">Katalog produkt\u00f3w reklamowych 2<\/a><\/li>\n<\/ul>\n<\/li>\n<li class=\"menu-item menu-item-type-post_type menu-item-object-page menu-item-726\"><a href=\"https:\/\/visualreklama.pl\/index.php\/odziez-i-upominki\/galanteria-skorzana\/\" class=\"elementor-item\">Galanteria sk\u00f3rzana<\/a><\/li>\n<li class=\"menu-item menu-item-type-post_type menu-item-object-page menu-item-727\"><a href=\"https:\/\/visualreklama.pl\/index.php\/odziez-i-upominki\/ceramika-z-logo\/\" class=\"elementor-item\">Ceramika z logo<\/a><\/li>\n<li class=\"menu-item menu-item-type-post_type menu-item-object-page menu-item-728\"><a href=\"https:\/\/visualreklama.pl\/index.php\/odziez-i-upominki\/usb-power-banki-pendrive\/\" class=\"elementor-item\">USB, power banki, pendrive<\/a><\/li>\n<li class=\"menu-item menu-item-type-post_type menu-item-object-page menu-item-729\"><a href=\"https:\/\/visualreklama.pl\/index.php\/odziez-i-upominki\/podziekowania-puchary-medale\/\" class=\"elementor-item\">Podzi\u0119kowania, puchary, medale<\/a><\/li>\n<\/ul>\t\t\t<\/nav>\n\t\t\t\t\t\t<nav class=\"elementor-nav-menu--dropdown elementor-nav-menu__container\" aria-hidden=\"true\">\n\t\t\t\t<ul id=\"menu-2-6f000df6\" class=\"elementor-nav-menu sm-vertical\"><li class=\"menu-item menu-item-type-post_type menu-item-object-page menu-item-720\"><a href=\"https:\/\/visualreklama.pl\/index.php\/odziez-i-upominki\/\" class=\"elementor-item\" tabindex=\"-1\">Odzie\u017c i upominki<\/a><\/li>\n<li class=\"menu-item menu-item-type-post_type menu-item-object-page menu-item-721\"><a href=\"https:\/\/visualreklama.pl\/index.php\/odziez-i-upominki\/odziez-sportowa-biznesowa-robocza\/\" class=\"elementor-item\" tabindex=\"-1\">Odzie\u017c sportowa, biznesowa, robocza<\/a><\/li>\n<li class=\"menu-item menu-item-type-post_type menu-item-object-page menu-item-722\"><a href=\"https:\/\/visualreklama.pl\/index.php\/odziez-i-upominki\/torby-plecaki-z-logo\/\" class=\"elementor-item\" tabindex=\"-1\">Torby, plecaki z logo<\/a><\/li>\n<li class=\"menu-item menu-item-type-post_type menu-item-object-page menu-item-723\"><a href=\"https:\/\/visualreklama.pl\/index.php\/odziez-i-upominki\/reczniki-drukowane-i-z-haftem\/\" class=\"elementor-item\" tabindex=\"-1\">R\u0119czniki drukowane i z haftem<\/a><\/li>\n<li class=\"menu-item menu-item-type-post_type menu-item-object-page menu-item-724\"><a href=\"https:\/\/visualreklama.pl\/index.php\/odziez-i-upominki\/odziez-bhp\/\" class=\"elementor-item\" tabindex=\"-1\">Odzie\u017c BHP<\/a><\/li>\n<li class=\"menu-item menu-item-type-post_type menu-item-object-page menu-item-has-children menu-item-725\"><a href=\"https:\/\/visualreklama.pl\/index.php\/odziez-i-upominki\/upominki-z-logo\/\" class=\"elementor-item\" tabindex=\"-1\">Upominki z logo<\/a>\n<ul class=\"sub-menu elementor-nav-menu--dropdown\">\n\t<li class=\"menu-item menu-item-type-custom menu-item-object-custom menu-item-2600\"><a href=\"http:\/\/pen4you.pl\/visualreklama\/oferta\/\" class=\"elementor-sub-item\" tabindex=\"-1\">D\u0142ugopisy plastikowe<\/a><\/li>\n\t<li class=\"menu-item menu-item-type-custom menu-item-object-custom menu-item-2601\"><a href=\"http:\/\/www.kolekcja-millenium.pl\/pl\/dlugopis.php?s=1&#038;g=1\" class=\"elementor-sub-item\" tabindex=\"-1\">D\u0142ugopisy metalowe<\/a><\/li>\n\t<li class=\"menu-item menu-item-type-custom menu-item-object-custom menu-item-2602\"><a href=\"https:\/\/www.royaldesign.pl\/products\" class=\"elementor-sub-item\" tabindex=\"-1\">Upominki reklamowe<\/a><\/li>\n\t<li class=\"menu-item menu-item-type-custom menu-item-object-custom menu-item-2603\"><a href=\"http:\/\/www.its-easy-now.tiphost.net\/pl-123ce316d60d\/visual-anna-zelazek\" class=\"elementor-sub-item\" tabindex=\"-1\">Katalog produkt\u00f3w reklamowych 1<\/a><\/li>\n\t<li class=\"menu-item menu-item-type-custom menu-item-object-custom menu-item-2604\"><a href=\"http:\/\/www.m-collection.tiphost.net\/index.php?lang=pl&#038;vkey=d6a692a7980d\" class=\"elementor-sub-item\" tabindex=\"-1\">Katalog produkt\u00f3w reklamowych 2<\/a><\/li>\n<\/ul>\n<\/li>\n<li class=\"menu-item menu-item-type-post_type menu-item-object-page menu-item-726\"><a href=\"https:\/\/visualreklama.pl\/index.php\/odziez-i-upominki\/galanteria-skorzana\/\" class=\"elementor-item\" tabindex=\"-1\">Galanteria sk\u00f3rzana<\/a><\/li>\n<li class=\"menu-item menu-item-type-post_type menu-item-object-page menu-item-727\"><a href=\"https:\/\/visualreklama.pl\/index.php\/odziez-i-upominki\/ceramika-z-logo\/\" class=\"elementor-item\" tabindex=\"-1\">Ceramika z logo<\/a><\/li>\n<li class=\"menu-item menu-item-type-post_type menu-item-object-page menu-item-728\"><a href=\"https:\/\/visualreklama.pl\/index.php\/odziez-i-upominki\/usb-power-banki-pendrive\/\" class=\"elementor-item\" tabindex=\"-1\">USB, power banki, pendrive<\/a><\/li>\n<li class=\"menu-item menu-item-type-post_type menu-item-object-page menu-item-729\"><a href=\"https:\/\/visualreklama.pl\/index.php\/odziez-i-upominki\/podziekowania-puchary-medale\/\" class=\"elementor-item\" tabindex=\"-1\">Podzi\u0119kowania, puchary, medale<\/a><\/li>\n<\/ul>\t\t\t<\/nav>\n\t\t\t\t\t\t<\/div>\n\t\t\t\t<\/div>\n\t\t\t\t\t<\/div>\n\t\t<\/div>\n\t\t\t\t\t<\/div>\n\t\t<\/section>\n\t\t\t\t<div class=\"elementor-section elementor-top-section elementor-element elementor-element-658f9d14 elementor-section-height-full elementor-section-items-stretch elementor-section-full_width elementor-hidden-phone elementor-section-height-default\" data-id=\"658f9d14\" data-element_type=\"section\" data-e-type=\"section\">\n\t\t\t\t\t\t\t<div class=\"elementor-background-overlay\"><\/div>\n\t\t\t\t\t\t\t<div class=\"elementor-container elementor-column-gap-default\">\n\t\t\t\t\t<div class=\"elementor-column elementor-col-50 elementor-top-column elementor-element elementor-element-27039eb8\" data-id=\"27039eb8\" data-element_type=\"column\" data-e-type=\"column\" data-settings=\"{&quot;background_background&quot;:&quot;classic&quot;}\">\n\t\t\t<div class=\"elementor-widget-wrap elementor-element-populated\">\n\t\t\t\t\t\t<div class=\"elementor-element elementor-element-1f662b1c elementor-nav-menu__align-start section-menu elementor-nav-menu__text-align-center elementor-nav-menu--dropdown-tablet elementor-nav-menu--toggle elementor-nav-menu--burger elementor-widget elementor-widget-nav-menu\" data-id=\"1f662b1c\" data-element_type=\"widget\" data-e-type=\"widget\" data-settings=\"{&quot;layout&quot;:&quot;vertical&quot;,&quot;submenu_icon&quot;:{&quot;value&quot;:&quot;&lt;i class=\\&quot;fa fa-caret-down\\&quot; aria-hidden=\\&quot;true\\&quot;&gt;&lt;\\\/i&gt;&quot;,&quot;library&quot;:&quot;fa-solid&quot;},&quot;toggle&quot;:&quot;burger&quot;}\" data-widget_type=\"nav-menu.default\">\n\t\t\t\t<div class=\"elementor-widget-container\">\n\t\t\t\t\t\t\t\t<nav aria-label=\"Menu\" class=\"elementor-nav-menu--main elementor-nav-menu__container elementor-nav-menu--layout-vertical e--pointer-background e--animation-none\">\n\t\t\t\t<ul id=\"menu-1-1f662b1c\" class=\"elementor-nav-menu sm-vertical\"><li class=\"menu-item menu-item-type-post_type menu-item-object-page menu-item-720\"><a href=\"https:\/\/visualreklama.pl\/index.php\/odziez-i-upominki\/\" class=\"elementor-item\">Odzie\u017c i upominki<\/a><\/li>\n<li class=\"menu-item menu-item-type-post_type menu-item-object-page menu-item-721\"><a href=\"https:\/\/visualreklama.pl\/index.php\/odziez-i-upominki\/odziez-sportowa-biznesowa-robocza\/\" class=\"elementor-item\">Odzie\u017c sportowa, biznesowa, robocza<\/a><\/li>\n<li class=\"menu-item menu-item-type-post_type menu-item-object-page menu-item-722\"><a href=\"https:\/\/visualreklama.pl\/index.php\/odziez-i-upominki\/torby-plecaki-z-logo\/\" class=\"elementor-item\">Torby, plecaki z logo<\/a><\/li>\n<li class=\"menu-item menu-item-type-post_type menu-item-object-page menu-item-723\"><a href=\"https:\/\/visualreklama.pl\/index.php\/odziez-i-upominki\/reczniki-drukowane-i-z-haftem\/\" class=\"elementor-item\">R\u0119czniki drukowane i z haftem<\/a><\/li>\n<li class=\"menu-item menu-item-type-post_type menu-item-object-page menu-item-724\"><a href=\"https:\/\/visualreklama.pl\/index.php\/odziez-i-upominki\/odziez-bhp\/\" class=\"elementor-item\">Odzie\u017c BHP<\/a><\/li>\n<li class=\"menu-item menu-item-type-post_type menu-item-object-page menu-item-has-children menu-item-725\"><a href=\"https:\/\/visualreklama.pl\/index.php\/odziez-i-upominki\/upominki-z-logo\/\" class=\"elementor-item\">Upominki z logo<\/a>\n<ul class=\"sub-menu elementor-nav-menu--dropdown\">\n\t<li class=\"menu-item menu-item-type-custom menu-item-object-custom menu-item-2600\"><a href=\"http:\/\/pen4you.pl\/visualreklama\/oferta\/\" class=\"elementor-sub-item\">D\u0142ugopisy plastikowe<\/a><\/li>\n\t<li class=\"menu-item menu-item-type-custom menu-item-object-custom menu-item-2601\"><a href=\"http:\/\/www.kolekcja-millenium.pl\/pl\/dlugopis.php?s=1&#038;g=1\" class=\"elementor-sub-item\">D\u0142ugopisy metalowe<\/a><\/li>\n\t<li class=\"menu-item menu-item-type-custom menu-item-object-custom menu-item-2602\"><a href=\"https:\/\/www.royaldesign.pl\/products\" class=\"elementor-sub-item\">Upominki reklamowe<\/a><\/li>\n\t<li class=\"menu-item menu-item-type-custom menu-item-object-custom menu-item-2603\"><a href=\"http:\/\/www.its-easy-now.tiphost.net\/pl-123ce316d60d\/visual-anna-zelazek\" class=\"elementor-sub-item\">Katalog produkt\u00f3w reklamowych 1<\/a><\/li>\n\t<li class=\"menu-item menu-item-type-custom menu-item-object-custom menu-item-2604\"><a href=\"http:\/\/www.m-collection.tiphost.net\/index.php?lang=pl&#038;vkey=d6a692a7980d\" class=\"elementor-sub-item\">Katalog produkt\u00f3w reklamowych 2<\/a><\/li>\n<\/ul>\n<\/li>\n<li class=\"menu-item menu-item-type-post_type menu-item-object-page menu-item-726\"><a href=\"https:\/\/visualreklama.pl\/index.php\/odziez-i-upominki\/galanteria-skorzana\/\" class=\"elementor-item\">Galanteria sk\u00f3rzana<\/a><\/li>\n<li class=\"menu-item menu-item-type-post_type menu-item-object-page menu-item-727\"><a href=\"https:\/\/visualreklama.pl\/index.php\/odziez-i-upominki\/ceramika-z-logo\/\" class=\"elementor-item\">Ceramika z logo<\/a><\/li>\n<li class=\"menu-item menu-item-type-post_type menu-item-object-page menu-item-728\"><a href=\"https:\/\/visualreklama.pl\/index.php\/odziez-i-upominki\/usb-power-banki-pendrive\/\" class=\"elementor-item\">USB, power banki, pendrive<\/a><\/li>\n<li class=\"menu-item menu-item-type-post_type menu-item-object-page menu-item-729\"><a href=\"https:\/\/visualreklama.pl\/index.php\/odziez-i-upominki\/podziekowania-puchary-medale\/\" class=\"elementor-item\">Podzi\u0119kowania, puchary, medale<\/a><\/li>\n<\/ul>\t\t\t<\/nav>\n\t\t\t\t\t<div class=\"elementor-menu-toggle\" role=\"button\" tabindex=\"0\" aria-label=\"Menu Toggle\" aria-expanded=\"false\">\n\t\t\t<i aria-hidden=\"true\" role=\"presentation\" class=\"elementor-menu-toggle__icon--open eicon-menu-bar\"><\/i><i aria-hidden=\"true\" role=\"presentation\" class=\"elementor-menu-toggle__icon--close eicon-close\"><\/i>\t\t<\/div>\n\t\t\t\t\t<nav class=\"elementor-nav-menu--dropdown elementor-nav-menu__container\" aria-hidden=\"true\">\n\t\t\t\t<ul id=\"menu-2-1f662b1c\" class=\"elementor-nav-menu sm-vertical\"><li class=\"menu-item menu-item-type-post_type menu-item-object-page menu-item-720\"><a href=\"https:\/\/visualreklama.pl\/index.php\/odziez-i-upominki\/\" class=\"elementor-item\" tabindex=\"-1\">Odzie\u017c i upominki<\/a><\/li>\n<li class=\"menu-item menu-item-type-post_type menu-item-object-page menu-item-721\"><a href=\"https:\/\/visualreklama.pl\/index.php\/odziez-i-upominki\/odziez-sportowa-biznesowa-robocza\/\" class=\"elementor-item\" tabindex=\"-1\">Odzie\u017c sportowa, biznesowa, robocza<\/a><\/li>\n<li class=\"menu-item menu-item-type-post_type menu-item-object-page menu-item-722\"><a href=\"https:\/\/visualreklama.pl\/index.php\/odziez-i-upominki\/torby-plecaki-z-logo\/\" class=\"elementor-item\" tabindex=\"-1\">Torby, plecaki z logo<\/a><\/li>\n<li class=\"menu-item menu-item-type-post_type menu-item-object-page menu-item-723\"><a href=\"https:\/\/visualreklama.pl\/index.php\/odziez-i-upominki\/reczniki-drukowane-i-z-haftem\/\" class=\"elementor-item\" tabindex=\"-1\">R\u0119czniki drukowane i z haftem<\/a><\/li>\n<li class=\"menu-item menu-item-type-post_type menu-item-object-page menu-item-724\"><a href=\"https:\/\/visualreklama.pl\/index.php\/odziez-i-upominki\/odziez-bhp\/\" class=\"elementor-item\" tabindex=\"-1\">Odzie\u017c BHP<\/a><\/li>\n<li class=\"menu-item menu-item-type-post_type menu-item-object-page menu-item-has-children menu-item-725\"><a href=\"https:\/\/visualreklama.pl\/index.php\/odziez-i-upominki\/upominki-z-logo\/\" class=\"elementor-item\" tabindex=\"-1\">Upominki z logo<\/a>\n<ul class=\"sub-menu elementor-nav-menu--dropdown\">\n\t<li class=\"menu-item menu-item-type-custom menu-item-object-custom menu-item-2600\"><a href=\"http:\/\/pen4you.pl\/visualreklama\/oferta\/\" class=\"elementor-sub-item\" tabindex=\"-1\">D\u0142ugopisy plastikowe<\/a><\/li>\n\t<li class=\"menu-item menu-item-type-custom menu-item-object-custom menu-item-2601\"><a href=\"http:\/\/www.kolekcja-millenium.pl\/pl\/dlugopis.php?s=1&#038;g=1\" class=\"elementor-sub-item\" tabindex=\"-1\">D\u0142ugopisy metalowe<\/a><\/li>\n\t<li class=\"menu-item menu-item-type-custom menu-item-object-custom menu-item-2602\"><a href=\"https:\/\/www.royaldesign.pl\/products\" class=\"elementor-sub-item\" tabindex=\"-1\">Upominki reklamowe<\/a><\/li>\n\t<li class=\"menu-item menu-item-type-custom menu-item-object-custom menu-item-2603\"><a href=\"http:\/\/www.its-easy-now.tiphost.net\/pl-123ce316d60d\/visual-anna-zelazek\" class=\"elementor-sub-item\" tabindex=\"-1\">Katalog produkt\u00f3w reklamowych 1<\/a><\/li>\n\t<li class=\"menu-item menu-item-type-custom menu-item-object-custom menu-item-2604\"><a href=\"http:\/\/www.m-collection.tiphost.net\/index.php?lang=pl&#038;vkey=d6a692a7980d\" class=\"elementor-sub-item\" tabindex=\"-1\">Katalog produkt\u00f3w reklamowych 2<\/a><\/li>\n<\/ul>\n<\/li>\n<li class=\"menu-item menu-item-type-post_type menu-item-object-page menu-item-726\"><a href=\"https:\/\/visualreklama.pl\/index.php\/odziez-i-upominki\/galanteria-skorzana\/\" class=\"elementor-item\" tabindex=\"-1\">Galanteria sk\u00f3rzana<\/a><\/li>\n<li class=\"menu-item menu-item-type-post_type menu-item-object-page menu-item-727\"><a href=\"https:\/\/visualreklama.pl\/index.php\/odziez-i-upominki\/ceramika-z-logo\/\" class=\"elementor-item\" tabindex=\"-1\">Ceramika z logo<\/a><\/li>\n<li class=\"menu-item menu-item-type-post_type menu-item-object-page menu-item-728\"><a href=\"https:\/\/visualreklama.pl\/index.php\/odziez-i-upominki\/usb-power-banki-pendrive\/\" class=\"elementor-item\" tabindex=\"-1\">USB, power banki, pendrive<\/a><\/li>\n<li class=\"menu-item menu-item-type-post_type menu-item-object-page menu-item-729\"><a href=\"https:\/\/visualreklama.pl\/index.php\/odziez-i-upominki\/podziekowania-puchary-medale\/\" class=\"elementor-item\" tabindex=\"-1\">Podzi\u0119kowania, puchary, medale<\/a><\/li>\n<\/ul>\t\t\t<\/nav>\n\t\t\t\t\t\t<\/div>\n\t\t\t\t<\/div>\n\t\t\t\t\t<\/div>\n\t\t<\/div>\n\t\t\t\t<div class=\"elementor-column elementor-col-50 elementor-top-column elementor-element elementor-element-15a6f337\" data-id=\"15a6f337\" data-element_type=\"column\" data-e-type=\"column\" data-settings=\"{&quot;background_background&quot;:&quot;classic&quot;}\">\n\t\t\t<div class=\"elementor-widget-wrap elementor-element-populated\">\n\t\t\t\t\t<div class=\"elementor-background-overlay\"><\/div>\n\t\t\t\t\t\t<section class=\"elementor-section elementor-inner-section elementor-element elementor-element-7024d0d3 elementor-section-boxed elementor-section-height-default elementor-section-height-default\" data-id=\"7024d0d3\" data-element_type=\"section\" data-e-type=\"section\">\n\t\t\t\t\t\t<div class=\"elementor-container elementor-column-gap-no\">\n\t\t\t\t\t<div class=\"elementor-column elementor-col-100 elementor-inner-column elementor-element elementor-element-38f028f5\" data-id=\"38f028f5\" data-element_type=\"column\" data-e-type=\"column\">\n\t\t\t<div class=\"elementor-widget-wrap elementor-element-populated\">\n\t\t\t\t\t\t<div class=\"elementor-element elementor-element-536e3fef elementor-widget-divider--view-line elementor-widget elementor-widget-divider\" data-id=\"536e3fef\" data-element_type=\"widget\" data-e-type=\"widget\" data-widget_type=\"divider.default\">\n\t\t\t\t<div class=\"elementor-widget-container\">\n\t\t\t\t\t\t\t<div class=\"elementor-divider\">\n\t\t\t<span class=\"elementor-divider-separator\">\n\t\t\t\t\t\t<\/span>\n\t\t<\/div>\n\t\t\t\t\t\t<\/div>\n\t\t\t\t<\/div>\n\t\t\t\t<div class=\"elementor-element elementor-element-56a3cb0a section-about-services elementor-widget elementor-widget-text-editor\" data-id=\"56a3cb0a\" data-element_type=\"widget\" data-e-type=\"widget\" data-widget_type=\"text-editor.default\">\n\t\t\t\t<div class=\"elementor-widget-container\">\n\t\t\t\t\t\t\t\t\t<p>Znakujemy wszelkiego rodzaju torby, plecaki, worki sportowe, aby sta\u0142y si\u0119 wizyt\u00f3wk\u0105 Pa\u0144stwa firmy. Oferujemy produkty kilkudzi\u0119sieciu marek w r\u00f3\u017cnych wariantach kolorystycznych i rozmiarach oraz proponujemy najnowocze\u015bniejsze metody znakowania, takie jak: haft, druk cyfrowy, sitodruk czy termotransfer.<\/p>\t\t\t\t\t\t\t\t<\/div>\n\t\t\t\t<\/div>\n\t\t\t\t\t<\/div>\n\t\t<\/div>\n\t\t\t\t\t<\/div>\n\t\t<\/section>\n\t\t\t\t\t<\/div>\n\t\t<\/div>\n\t\t\t\t\t<\/div>\n\t\t<\/div>\n\t\t\t\t<\/div>\n\t\t","protected":false},"excerpt":{"rendered":"<p>Znakujemy wszelkiego rodzaju torby, plecaki, worki sportowe, aby sta\u0142y si\u0119 wizyt\u00f3wk\u0105 Pa\u0144stwa firmy. Oferujemy produkty kilkudzi\u0119sieciu marek w r\u00f3\u017cnych wariantach kolorystycznych i rozmiarach oraz proponujemy najnowocze\u015bniejsze metody znakowania, takie jak: haft, druk cyfrowy, sitodruk czy termotransfer. Znakujemy wszelkiego rodzaju torby, plecaki, worki sportowe, aby sta\u0142y si\u0119 wizyt\u00f3wk\u0105 Pa\u0144stwa firmy. Oferujemy produkty kilkudzi\u0119sieciu marek w r\u00f3\u017cnych [&hellip;]<\/p>\n","protected":false},"author":1,"featured_media":0,"parent":569,"menu_order":2,"comment_status":"closed","ping_status":"closed","template":"elementor_header_footer","meta":{"footnotes":""},"class_list":["post-633","page","type-page","status-publish","hentry"],"_links":{"self":[{"href":"https:\/\/visualreklama.pl\/index.php\/wp-json\/wp\/v2\/pages\/633","targetHints":{"allow":["GET"]}}],"collection":[{"href":"https:\/\/visualreklama.pl\/index.php\/wp-json\/wp\/v2\/pages"}],"about":[{"href":"https:\/\/visualreklama.pl\/index.php\/wp-json\/wp\/v2\/types\/page"}],"author":[{"embeddable":true,"href":"https:\/\/visualreklama.pl\/index.php\/wp-json\/wp\/v2\/users\/1"}],"replies":[{"embeddable":true,"href":"https:\/\/visualreklama.pl\/index.php\/wp-json\/wp\/v2\/comments?post=633"}],"version-history":[{"count":16,"href":"https:\/\/visualreklama.pl\/index.php\/wp-json\/wp\/v2\/pages\/633\/revisions"}],"predecessor-version":[{"id":2564,"href":"https:\/\/visualreklama.pl\/index.php\/wp-json\/wp\/v2\/pages\/633\/revisions\/2564"}],"up":[{"embeddable":true,"href":"https:\/\/visualreklama.pl\/index.php\/wp-json\/wp\/v2\/pages\/569"}],"wp:attachment":[{"href":"https:\/\/visualreklama.pl\/index.php\/wp-json\/wp\/v2\/media?parent=633"}],"curies":[{"name":"wp","href":"https:\/\/api.w.org\/{rel}","templated":true}]}}