{"id":647,"date":"2019-02-09T16:21:44","date_gmt":"2019-02-09T15:21:44","guid":{"rendered":"http:\/\/visualreklama.pl\/?page_id=647"},"modified":"2019-06-24T16:50:56","modified_gmt":"2019-06-24T14:50:56","slug":"podziekowania-puchary-medale","status":"publish","type":"page","link":"https:\/\/visualreklama.pl\/index.php\/odziez-i-upominki\/podziekowania-puchary-medale\/","title":{"rendered":"Podzi\u0119kowania, puchary, medale"},"content":{"rendered":"\t\t<div data-elementor-type=\"wp-post\" data-elementor-id=\"647\" class=\"elementor elementor-647\" data-elementor-post-type=\"page\">\n\t\t\t\t\t\t<section class=\"elementor-section elementor-top-section elementor-element elementor-element-4c1000e elementor-section-full_width elementor-hidden-desktop elementor-hidden-tablet elementor-section-height-default elementor-section-height-default\" data-id=\"4c1000e\" data-element_type=\"section\" data-e-type=\"section\" data-settings=\"{&quot;background_background&quot;:&quot;classic&quot;}\">\n\t\t\t\t\t\t<div class=\"elementor-container elementor-column-gap-no\">\n\t\t\t\t\t<div class=\"elementor-column elementor-col-100 elementor-top-column elementor-element elementor-element-6585084b\" data-id=\"6585084b\" data-element_type=\"column\" data-e-type=\"column\">\n\t\t\t<div class=\"elementor-widget-wrap elementor-element-populated\">\n\t\t\t\t\t\t<div class=\"elementor-element elementor-element-459548f8 elementor-widget elementor-widget-image\" data-id=\"459548f8\" data-element_type=\"widget\" data-e-type=\"widget\" data-widget_type=\"image.default\">\n\t\t\t\t<div class=\"elementor-widget-container\">\n\t\t\t\t\t\t\t\t\t\t\t\t\t\t\t<img fetchpriority=\"high\" decoding=\"async\" width=\"768\" height=\"512\" src=\"https:\/\/visualreklama.pl\/wp-content\/uploads\/2019\/06\/zdj\u0119cie-podzi\u0119kowania-puchary-768x512.jpg\" class=\"attachment-medium_large size-medium_large wp-image-1694\" alt=\"\" srcset=\"https:\/\/visualreklama.pl\/wp-content\/uploads\/2019\/06\/zdj\u0119cie-podzi\u0119kowania-puchary-768x512.jpg 768w, https:\/\/visualreklama.pl\/wp-content\/uploads\/2019\/06\/zdj\u0119cie-podzi\u0119kowania-puchary-300x200.jpg 300w, https:\/\/visualreklama.pl\/wp-content\/uploads\/2019\/06\/zdj\u0119cie-podzi\u0119kowania-puchary-1024x682.jpg 1024w, https:\/\/visualreklama.pl\/wp-content\/uploads\/2019\/06\/zdj\u0119cie-podzi\u0119kowania-puchary-e1561194616380.jpg 1500w\" sizes=\"(max-width: 768px) 100vw, 768px\" \/>\t\t\t\t\t\t\t\t\t\t\t\t\t\t\t<\/div>\n\t\t\t\t<\/div>\n\t\t\t\t<div class=\"elementor-element elementor-element-19d14479 section-about-services elementor-widget elementor-widget-text-editor\" data-id=\"19d14479\" data-element_type=\"widget\" data-e-type=\"widget\" data-widget_type=\"text-editor.default\">\n\t\t\t\t<div class=\"elementor-widget-container\">\n\t\t\t\t\t\t\t\t\t<p>Ka\u017cdego dnia walczymy i pokonujemy w\u0142asne s\u0142abo\u015bci: b\u0119d\u0105c w szkole, na uczelni, w pracy oraz rozwijaj\u0105c swoje pasje, uprawiaj\u0105c r\u00f3\u017cne dyscypliny sportowe. Droga do zwyci\u0119stwa cz\u0119sto wymaga wiele wysi\u0142ku a ten powinien zosta\u0107 nale\u017cycie doceniony.<br \/>W naszej ofercie znajd\u0105 Pa\u0144stwo szeroki wyb\u00f3r nagr\u00f3d, trofe\u00f3w, puchar\u00f3w, podzi\u0119kowa\u0144, medali i dyplom\u00f3w.<br \/>Mo\u017cemy tak\u017ce zaprojektowa\u0107 i wykona\u0107 indywidualny wz\u00f3r takiej nagrody.<\/p>\t\t\t\t\t\t\t\t<\/div>\n\t\t\t\t<\/div>\n\t\t\t\t<div class=\"elementor-element elementor-element-bb6283f elementor-nav-menu__align-center elementor-nav-menu__text-align-center elementor-nav-menu--dropdown-mobile elementor-widget elementor-widget-nav-menu\" data-id=\"bb6283f\" data-element_type=\"widget\" data-e-type=\"widget\" data-settings=\"{&quot;layout&quot;:&quot;vertical&quot;,&quot;submenu_icon&quot;:{&quot;value&quot;:&quot;&lt;i class=\\&quot;fa fa-caret-down\\&quot; aria-hidden=\\&quot;true\\&quot;&gt;&lt;\\\/i&gt;&quot;,&quot;library&quot;:&quot;fa-solid&quot;}}\" data-widget_type=\"nav-menu.default\">\n\t\t\t\t<div class=\"elementor-widget-container\">\n\t\t\t\t\t\t\t\t<nav aria-label=\"Menu\" class=\"elementor-nav-menu--main elementor-nav-menu__container elementor-nav-menu--layout-vertical e--pointer-background e--animation-none\">\n\t\t\t\t<ul id=\"menu-1-bb6283f\" class=\"elementor-nav-menu sm-vertical\"><li class=\"menu-item menu-item-type-post_type menu-item-object-page menu-item-720\"><a href=\"https:\/\/visualreklama.pl\/index.php\/odziez-i-upominki\/\" class=\"elementor-item\">Odzie\u017c i upominki<\/a><\/li>\n<li class=\"menu-item menu-item-type-post_type menu-item-object-page menu-item-721\"><a href=\"https:\/\/visualreklama.pl\/index.php\/odziez-i-upominki\/odziez-sportowa-biznesowa-robocza\/\" class=\"elementor-item\">Odzie\u017c sportowa, biznesowa, robocza<\/a><\/li>\n<li class=\"menu-item menu-item-type-post_type menu-item-object-page menu-item-722\"><a href=\"https:\/\/visualreklama.pl\/index.php\/odziez-i-upominki\/torby-plecaki-z-logo\/\" class=\"elementor-item\">Torby, plecaki z logo<\/a><\/li>\n<li class=\"menu-item menu-item-type-post_type menu-item-object-page menu-item-723\"><a href=\"https:\/\/visualreklama.pl\/index.php\/odziez-i-upominki\/reczniki-drukowane-i-z-haftem\/\" class=\"elementor-item\">R\u0119czniki drukowane i z haftem<\/a><\/li>\n<li class=\"menu-item menu-item-type-post_type menu-item-object-page menu-item-724\"><a href=\"https:\/\/visualreklama.pl\/index.php\/odziez-i-upominki\/odziez-bhp\/\" class=\"elementor-item\">Odzie\u017c BHP<\/a><\/li>\n<li class=\"menu-item menu-item-type-post_type menu-item-object-page menu-item-has-children menu-item-725\"><a href=\"https:\/\/visualreklama.pl\/index.php\/odziez-i-upominki\/upominki-z-logo\/\" class=\"elementor-item\">Upominki z logo<\/a>\n<ul class=\"sub-menu elementor-nav-menu--dropdown\">\n\t<li class=\"menu-item menu-item-type-custom menu-item-object-custom menu-item-2600\"><a href=\"http:\/\/pen4you.pl\/visualreklama\/oferta\/\" class=\"elementor-sub-item\">D\u0142ugopisy plastikowe<\/a><\/li>\n\t<li class=\"menu-item menu-item-type-custom menu-item-object-custom menu-item-2601\"><a href=\"http:\/\/www.kolekcja-millenium.pl\/pl\/dlugopis.php?s=1&#038;g=1\" class=\"elementor-sub-item\">D\u0142ugopisy metalowe<\/a><\/li>\n\t<li class=\"menu-item menu-item-type-custom menu-item-object-custom menu-item-2602\"><a href=\"https:\/\/www.royaldesign.pl\/products\" class=\"elementor-sub-item\">Upominki reklamowe<\/a><\/li>\n\t<li class=\"menu-item menu-item-type-custom menu-item-object-custom menu-item-2603\"><a href=\"http:\/\/www.its-easy-now.tiphost.net\/pl-123ce316d60d\/visual-anna-zelazek\" class=\"elementor-sub-item\">Katalog produkt\u00f3w reklamowych 1<\/a><\/li>\n\t<li class=\"menu-item menu-item-type-custom menu-item-object-custom menu-item-2604\"><a href=\"http:\/\/www.m-collection.tiphost.net\/index.php?lang=pl&#038;vkey=d6a692a7980d\" class=\"elementor-sub-item\">Katalog produkt\u00f3w reklamowych 2<\/a><\/li>\n<\/ul>\n<\/li>\n<li class=\"menu-item menu-item-type-post_type menu-item-object-page menu-item-726\"><a href=\"https:\/\/visualreklama.pl\/index.php\/odziez-i-upominki\/galanteria-skorzana\/\" class=\"elementor-item\">Galanteria sk\u00f3rzana<\/a><\/li>\n<li class=\"menu-item menu-item-type-post_type menu-item-object-page menu-item-727\"><a href=\"https:\/\/visualreklama.pl\/index.php\/odziez-i-upominki\/ceramika-z-logo\/\" class=\"elementor-item\">Ceramika z logo<\/a><\/li>\n<li class=\"menu-item menu-item-type-post_type menu-item-object-page menu-item-728\"><a href=\"https:\/\/visualreklama.pl\/index.php\/odziez-i-upominki\/usb-power-banki-pendrive\/\" class=\"elementor-item\">USB, power banki, pendrive<\/a><\/li>\n<li class=\"menu-item menu-item-type-post_type menu-item-object-page menu-item-729\"><a href=\"https:\/\/visualreklama.pl\/index.php\/odziez-i-upominki\/podziekowania-puchary-medale\/\" class=\"elementor-item\">Podzi\u0119kowania, puchary, medale<\/a><\/li>\n<\/ul>\t\t\t<\/nav>\n\t\t\t\t\t\t<nav class=\"elementor-nav-menu--dropdown elementor-nav-menu__container\" aria-hidden=\"true\">\n\t\t\t\t<ul id=\"menu-2-bb6283f\" class=\"elementor-nav-menu sm-vertical\"><li class=\"menu-item menu-item-type-post_type menu-item-object-page menu-item-720\"><a href=\"https:\/\/visualreklama.pl\/index.php\/odziez-i-upominki\/\" class=\"elementor-item\" tabindex=\"-1\">Odzie\u017c i upominki<\/a><\/li>\n<li class=\"menu-item menu-item-type-post_type menu-item-object-page menu-item-721\"><a href=\"https:\/\/visualreklama.pl\/index.php\/odziez-i-upominki\/odziez-sportowa-biznesowa-robocza\/\" class=\"elementor-item\" tabindex=\"-1\">Odzie\u017c sportowa, biznesowa, robocza<\/a><\/li>\n<li class=\"menu-item menu-item-type-post_type menu-item-object-page menu-item-722\"><a href=\"https:\/\/visualreklama.pl\/index.php\/odziez-i-upominki\/torby-plecaki-z-logo\/\" class=\"elementor-item\" tabindex=\"-1\">Torby, plecaki z logo<\/a><\/li>\n<li class=\"menu-item menu-item-type-post_type menu-item-object-page menu-item-723\"><a href=\"https:\/\/visualreklama.pl\/index.php\/odziez-i-upominki\/reczniki-drukowane-i-z-haftem\/\" class=\"elementor-item\" tabindex=\"-1\">R\u0119czniki drukowane i z haftem<\/a><\/li>\n<li class=\"menu-item menu-item-type-post_type menu-item-object-page menu-item-724\"><a href=\"https:\/\/visualreklama.pl\/index.php\/odziez-i-upominki\/odziez-bhp\/\" class=\"elementor-item\" tabindex=\"-1\">Odzie\u017c BHP<\/a><\/li>\n<li class=\"menu-item menu-item-type-post_type menu-item-object-page menu-item-has-children menu-item-725\"><a href=\"https:\/\/visualreklama.pl\/index.php\/odziez-i-upominki\/upominki-z-logo\/\" class=\"elementor-item\" tabindex=\"-1\">Upominki z logo<\/a>\n<ul class=\"sub-menu elementor-nav-menu--dropdown\">\n\t<li class=\"menu-item menu-item-type-custom menu-item-object-custom menu-item-2600\"><a href=\"http:\/\/pen4you.pl\/visualreklama\/oferta\/\" class=\"elementor-sub-item\" tabindex=\"-1\">D\u0142ugopisy plastikowe<\/a><\/li>\n\t<li class=\"menu-item menu-item-type-custom menu-item-object-custom menu-item-2601\"><a href=\"http:\/\/www.kolekcja-millenium.pl\/pl\/dlugopis.php?s=1&#038;g=1\" class=\"elementor-sub-item\" tabindex=\"-1\">D\u0142ugopisy metalowe<\/a><\/li>\n\t<li class=\"menu-item menu-item-type-custom menu-item-object-custom menu-item-2602\"><a href=\"https:\/\/www.royaldesign.pl\/products\" class=\"elementor-sub-item\" tabindex=\"-1\">Upominki reklamowe<\/a><\/li>\n\t<li class=\"menu-item menu-item-type-custom menu-item-object-custom menu-item-2603\"><a href=\"http:\/\/www.its-easy-now.tiphost.net\/pl-123ce316d60d\/visual-anna-zelazek\" class=\"elementor-sub-item\" tabindex=\"-1\">Katalog produkt\u00f3w reklamowych 1<\/a><\/li>\n\t<li class=\"menu-item menu-item-type-custom menu-item-object-custom menu-item-2604\"><a href=\"http:\/\/www.m-collection.tiphost.net\/index.php?lang=pl&#038;vkey=d6a692a7980d\" class=\"elementor-sub-item\" tabindex=\"-1\">Katalog produkt\u00f3w reklamowych 2<\/a><\/li>\n<\/ul>\n<\/li>\n<li class=\"menu-item menu-item-type-post_type menu-item-object-page menu-item-726\"><a href=\"https:\/\/visualreklama.pl\/index.php\/odziez-i-upominki\/galanteria-skorzana\/\" class=\"elementor-item\" tabindex=\"-1\">Galanteria sk\u00f3rzana<\/a><\/li>\n<li class=\"menu-item menu-item-type-post_type menu-item-object-page menu-item-727\"><a href=\"https:\/\/visualreklama.pl\/index.php\/odziez-i-upominki\/ceramika-z-logo\/\" class=\"elementor-item\" tabindex=\"-1\">Ceramika z logo<\/a><\/li>\n<li class=\"menu-item menu-item-type-post_type menu-item-object-page menu-item-728\"><a href=\"https:\/\/visualreklama.pl\/index.php\/odziez-i-upominki\/usb-power-banki-pendrive\/\" class=\"elementor-item\" tabindex=\"-1\">USB, power banki, pendrive<\/a><\/li>\n<li class=\"menu-item menu-item-type-post_type menu-item-object-page menu-item-729\"><a href=\"https:\/\/visualreklama.pl\/index.php\/odziez-i-upominki\/podziekowania-puchary-medale\/\" class=\"elementor-item\" tabindex=\"-1\">Podzi\u0119kowania, puchary, medale<\/a><\/li>\n<\/ul>\t\t\t<\/nav>\n\t\t\t\t\t\t<\/div>\n\t\t\t\t<\/div>\n\t\t\t\t\t<\/div>\n\t\t<\/div>\n\t\t\t\t\t<\/div>\n\t\t<\/section>\n\t\t\t\t<div class=\"elementor-section elementor-top-section elementor-element elementor-element-6a173ac0 elementor-section-height-full elementor-section-items-stretch elementor-section-full_width elementor-hidden-phone elementor-section-height-default\" data-id=\"6a173ac0\" data-element_type=\"section\" data-e-type=\"section\">\n\t\t\t\t\t\t\t<div class=\"elementor-background-overlay\"><\/div>\n\t\t\t\t\t\t\t<div class=\"elementor-container elementor-column-gap-default\">\n\t\t\t\t\t<div class=\"elementor-column elementor-col-50 elementor-top-column elementor-element elementor-element-13ae7686\" data-id=\"13ae7686\" data-element_type=\"column\" data-e-type=\"column\" data-settings=\"{&quot;background_background&quot;:&quot;classic&quot;}\">\n\t\t\t<div class=\"elementor-widget-wrap elementor-element-populated\">\n\t\t\t\t\t\t<div class=\"elementor-element elementor-element-13e0d3ff elementor-nav-menu__align-start section-menu elementor-nav-menu__text-align-center elementor-nav-menu--dropdown-tablet elementor-nav-menu--toggle elementor-nav-menu--burger elementor-widget elementor-widget-nav-menu\" data-id=\"13e0d3ff\" data-element_type=\"widget\" data-e-type=\"widget\" data-settings=\"{&quot;layout&quot;:&quot;vertical&quot;,&quot;submenu_icon&quot;:{&quot;value&quot;:&quot;&lt;i class=\\&quot;fa fa-caret-down\\&quot; aria-hidden=\\&quot;true\\&quot;&gt;&lt;\\\/i&gt;&quot;,&quot;library&quot;:&quot;fa-solid&quot;},&quot;toggle&quot;:&quot;burger&quot;}\" data-widget_type=\"nav-menu.default\">\n\t\t\t\t<div class=\"elementor-widget-container\">\n\t\t\t\t\t\t\t\t<nav aria-label=\"Menu\" class=\"elementor-nav-menu--main elementor-nav-menu__container elementor-nav-menu--layout-vertical e--pointer-background e--animation-none\">\n\t\t\t\t<ul id=\"menu-1-13e0d3ff\" class=\"elementor-nav-menu sm-vertical\"><li class=\"menu-item menu-item-type-post_type menu-item-object-page menu-item-720\"><a href=\"https:\/\/visualreklama.pl\/index.php\/odziez-i-upominki\/\" class=\"elementor-item\">Odzie\u017c i upominki<\/a><\/li>\n<li class=\"menu-item menu-item-type-post_type menu-item-object-page menu-item-721\"><a href=\"https:\/\/visualreklama.pl\/index.php\/odziez-i-upominki\/odziez-sportowa-biznesowa-robocza\/\" class=\"elementor-item\">Odzie\u017c sportowa, biznesowa, robocza<\/a><\/li>\n<li class=\"menu-item menu-item-type-post_type menu-item-object-page menu-item-722\"><a href=\"https:\/\/visualreklama.pl\/index.php\/odziez-i-upominki\/torby-plecaki-z-logo\/\" class=\"elementor-item\">Torby, plecaki z logo<\/a><\/li>\n<li class=\"menu-item menu-item-type-post_type menu-item-object-page menu-item-723\"><a href=\"https:\/\/visualreklama.pl\/index.php\/odziez-i-upominki\/reczniki-drukowane-i-z-haftem\/\" class=\"elementor-item\">R\u0119czniki drukowane i z haftem<\/a><\/li>\n<li class=\"menu-item menu-item-type-post_type menu-item-object-page menu-item-724\"><a href=\"https:\/\/visualreklama.pl\/index.php\/odziez-i-upominki\/odziez-bhp\/\" class=\"elementor-item\">Odzie\u017c BHP<\/a><\/li>\n<li class=\"menu-item menu-item-type-post_type menu-item-object-page menu-item-has-children menu-item-725\"><a href=\"https:\/\/visualreklama.pl\/index.php\/odziez-i-upominki\/upominki-z-logo\/\" class=\"elementor-item\">Upominki z logo<\/a>\n<ul class=\"sub-menu elementor-nav-menu--dropdown\">\n\t<li class=\"menu-item menu-item-type-custom menu-item-object-custom menu-item-2600\"><a href=\"http:\/\/pen4you.pl\/visualreklama\/oferta\/\" class=\"elementor-sub-item\">D\u0142ugopisy plastikowe<\/a><\/li>\n\t<li class=\"menu-item menu-item-type-custom menu-item-object-custom menu-item-2601\"><a href=\"http:\/\/www.kolekcja-millenium.pl\/pl\/dlugopis.php?s=1&#038;g=1\" class=\"elementor-sub-item\">D\u0142ugopisy metalowe<\/a><\/li>\n\t<li class=\"menu-item menu-item-type-custom menu-item-object-custom menu-item-2602\"><a href=\"https:\/\/www.royaldesign.pl\/products\" class=\"elementor-sub-item\">Upominki reklamowe<\/a><\/li>\n\t<li class=\"menu-item menu-item-type-custom menu-item-object-custom menu-item-2603\"><a href=\"http:\/\/www.its-easy-now.tiphost.net\/pl-123ce316d60d\/visual-anna-zelazek\" class=\"elementor-sub-item\">Katalog produkt\u00f3w reklamowych 1<\/a><\/li>\n\t<li class=\"menu-item menu-item-type-custom menu-item-object-custom menu-item-2604\"><a href=\"http:\/\/www.m-collection.tiphost.net\/index.php?lang=pl&#038;vkey=d6a692a7980d\" class=\"elementor-sub-item\">Katalog produkt\u00f3w reklamowych 2<\/a><\/li>\n<\/ul>\n<\/li>\n<li class=\"menu-item menu-item-type-post_type menu-item-object-page menu-item-726\"><a href=\"https:\/\/visualreklama.pl\/index.php\/odziez-i-upominki\/galanteria-skorzana\/\" class=\"elementor-item\">Galanteria sk\u00f3rzana<\/a><\/li>\n<li class=\"menu-item menu-item-type-post_type menu-item-object-page menu-item-727\"><a href=\"https:\/\/visualreklama.pl\/index.php\/odziez-i-upominki\/ceramika-z-logo\/\" class=\"elementor-item\">Ceramika z logo<\/a><\/li>\n<li class=\"menu-item menu-item-type-post_type menu-item-object-page menu-item-728\"><a href=\"https:\/\/visualreklama.pl\/index.php\/odziez-i-upominki\/usb-power-banki-pendrive\/\" class=\"elementor-item\">USB, power banki, pendrive<\/a><\/li>\n<li class=\"menu-item menu-item-type-post_type menu-item-object-page menu-item-729\"><a href=\"https:\/\/visualreklama.pl\/index.php\/odziez-i-upominki\/podziekowania-puchary-medale\/\" class=\"elementor-item\">Podzi\u0119kowania, puchary, medale<\/a><\/li>\n<\/ul>\t\t\t<\/nav>\n\t\t\t\t\t<div class=\"elementor-menu-toggle\" role=\"button\" tabindex=\"0\" aria-label=\"Menu Toggle\" aria-expanded=\"false\">\n\t\t\t<i aria-hidden=\"true\" role=\"presentation\" class=\"elementor-menu-toggle__icon--open eicon-menu-bar\"><\/i><i aria-hidden=\"true\" role=\"presentation\" class=\"elementor-menu-toggle__icon--close eicon-close\"><\/i>\t\t<\/div>\n\t\t\t\t\t<nav class=\"elementor-nav-menu--dropdown elementor-nav-menu__container\" aria-hidden=\"true\">\n\t\t\t\t<ul id=\"menu-2-13e0d3ff\" class=\"elementor-nav-menu sm-vertical\"><li class=\"menu-item menu-item-type-post_type menu-item-object-page menu-item-720\"><a href=\"https:\/\/visualreklama.pl\/index.php\/odziez-i-upominki\/\" class=\"elementor-item\" tabindex=\"-1\">Odzie\u017c i upominki<\/a><\/li>\n<li class=\"menu-item menu-item-type-post_type menu-item-object-page menu-item-721\"><a href=\"https:\/\/visualreklama.pl\/index.php\/odziez-i-upominki\/odziez-sportowa-biznesowa-robocza\/\" class=\"elementor-item\" tabindex=\"-1\">Odzie\u017c sportowa, biznesowa, robocza<\/a><\/li>\n<li class=\"menu-item menu-item-type-post_type menu-item-object-page menu-item-722\"><a href=\"https:\/\/visualreklama.pl\/index.php\/odziez-i-upominki\/torby-plecaki-z-logo\/\" class=\"elementor-item\" tabindex=\"-1\">Torby, plecaki z logo<\/a><\/li>\n<li class=\"menu-item menu-item-type-post_type menu-item-object-page menu-item-723\"><a href=\"https:\/\/visualreklama.pl\/index.php\/odziez-i-upominki\/reczniki-drukowane-i-z-haftem\/\" class=\"elementor-item\" tabindex=\"-1\">R\u0119czniki drukowane i z haftem<\/a><\/li>\n<li class=\"menu-item menu-item-type-post_type menu-item-object-page menu-item-724\"><a href=\"https:\/\/visualreklama.pl\/index.php\/odziez-i-upominki\/odziez-bhp\/\" class=\"elementor-item\" tabindex=\"-1\">Odzie\u017c BHP<\/a><\/li>\n<li class=\"menu-item menu-item-type-post_type menu-item-object-page menu-item-has-children menu-item-725\"><a href=\"https:\/\/visualreklama.pl\/index.php\/odziez-i-upominki\/upominki-z-logo\/\" class=\"elementor-item\" tabindex=\"-1\">Upominki z logo<\/a>\n<ul class=\"sub-menu elementor-nav-menu--dropdown\">\n\t<li class=\"menu-item menu-item-type-custom menu-item-object-custom menu-item-2600\"><a href=\"http:\/\/pen4you.pl\/visualreklama\/oferta\/\" class=\"elementor-sub-item\" tabindex=\"-1\">D\u0142ugopisy plastikowe<\/a><\/li>\n\t<li class=\"menu-item menu-item-type-custom menu-item-object-custom menu-item-2601\"><a href=\"http:\/\/www.kolekcja-millenium.pl\/pl\/dlugopis.php?s=1&#038;g=1\" class=\"elementor-sub-item\" tabindex=\"-1\">D\u0142ugopisy metalowe<\/a><\/li>\n\t<li class=\"menu-item menu-item-type-custom menu-item-object-custom menu-item-2602\"><a href=\"https:\/\/www.royaldesign.pl\/products\" class=\"elementor-sub-item\" tabindex=\"-1\">Upominki reklamowe<\/a><\/li>\n\t<li class=\"menu-item menu-item-type-custom menu-item-object-custom menu-item-2603\"><a href=\"http:\/\/www.its-easy-now.tiphost.net\/pl-123ce316d60d\/visual-anna-zelazek\" class=\"elementor-sub-item\" tabindex=\"-1\">Katalog produkt\u00f3w reklamowych 1<\/a><\/li>\n\t<li class=\"menu-item menu-item-type-custom menu-item-object-custom menu-item-2604\"><a href=\"http:\/\/www.m-collection.tiphost.net\/index.php?lang=pl&#038;vkey=d6a692a7980d\" class=\"elementor-sub-item\" tabindex=\"-1\">Katalog produkt\u00f3w reklamowych 2<\/a><\/li>\n<\/ul>\n<\/li>\n<li class=\"menu-item menu-item-type-post_type menu-item-object-page menu-item-726\"><a href=\"https:\/\/visualreklama.pl\/index.php\/odziez-i-upominki\/galanteria-skorzana\/\" class=\"elementor-item\" tabindex=\"-1\">Galanteria sk\u00f3rzana<\/a><\/li>\n<li class=\"menu-item menu-item-type-post_type menu-item-object-page menu-item-727\"><a href=\"https:\/\/visualreklama.pl\/index.php\/odziez-i-upominki\/ceramika-z-logo\/\" class=\"elementor-item\" tabindex=\"-1\">Ceramika z logo<\/a><\/li>\n<li class=\"menu-item menu-item-type-post_type menu-item-object-page menu-item-728\"><a href=\"https:\/\/visualreklama.pl\/index.php\/odziez-i-upominki\/usb-power-banki-pendrive\/\" class=\"elementor-item\" tabindex=\"-1\">USB, power banki, pendrive<\/a><\/li>\n<li class=\"menu-item menu-item-type-post_type menu-item-object-page menu-item-729\"><a href=\"https:\/\/visualreklama.pl\/index.php\/odziez-i-upominki\/podziekowania-puchary-medale\/\" class=\"elementor-item\" tabindex=\"-1\">Podzi\u0119kowania, puchary, medale<\/a><\/li>\n<\/ul>\t\t\t<\/nav>\n\t\t\t\t\t\t<\/div>\n\t\t\t\t<\/div>\n\t\t\t\t\t<\/div>\n\t\t<\/div>\n\t\t\t\t<div class=\"elementor-column elementor-col-50 elementor-top-column elementor-element elementor-element-7a9e41a9\" data-id=\"7a9e41a9\" data-element_type=\"column\" data-e-type=\"column\" data-settings=\"{&quot;background_background&quot;:&quot;classic&quot;}\">\n\t\t\t<div class=\"elementor-widget-wrap elementor-element-populated\">\n\t\t\t\t\t<div class=\"elementor-background-overlay\"><\/div>\n\t\t\t\t\t\t<section class=\"elementor-section elementor-inner-section elementor-element elementor-element-45e9cc35 elementor-section-boxed elementor-section-height-default elementor-section-height-default\" data-id=\"45e9cc35\" data-element_type=\"section\" data-e-type=\"section\">\n\t\t\t\t\t\t<div class=\"elementor-container elementor-column-gap-no\">\n\t\t\t\t\t<div class=\"elementor-column elementor-col-100 elementor-inner-column elementor-element elementor-element-15f6e5a8\" data-id=\"15f6e5a8\" data-element_type=\"column\" data-e-type=\"column\">\n\t\t\t<div class=\"elementor-widget-wrap elementor-element-populated\">\n\t\t\t\t\t\t<div class=\"elementor-element elementor-element-6fb0e642 elementor-widget-divider--view-line elementor-widget elementor-widget-divider\" data-id=\"6fb0e642\" data-element_type=\"widget\" data-e-type=\"widget\" data-widget_type=\"divider.default\">\n\t\t\t\t<div class=\"elementor-widget-container\">\n\t\t\t\t\t\t\t<div class=\"elementor-divider\">\n\t\t\t<span class=\"elementor-divider-separator\">\n\t\t\t\t\t\t<\/span>\n\t\t<\/div>\n\t\t\t\t\t\t<\/div>\n\t\t\t\t<\/div>\n\t\t\t\t<div class=\"elementor-element elementor-element-6b40e29d section-about-services elementor-widget elementor-widget-text-editor\" data-id=\"6b40e29d\" data-element_type=\"widget\" data-e-type=\"widget\" data-widget_type=\"text-editor.default\">\n\t\t\t\t<div class=\"elementor-widget-container\">\n\t\t\t\t\t\t\t\t\t<p>Ka\u017cdego dnia walczymy i pokonujemy w\u0142asne s\u0142abo\u015bci: b\u0119d\u0105c w szkole, na uczelni, w pracy oraz rozwijaj\u0105c swoje pasje, uprawiaj\u0105c r\u00f3\u017cne dyscypliny sportowe. Droga do zwyci\u0119stwa cz\u0119sto wymaga wiele wysi\u0142ku a ten powinien zosta\u0107 nale\u017cycie doceniony.<br \/>W naszej ofercie znajd\u0105 Pa\u0144stwo szeroki wyb\u00f3r nagr\u00f3d, trofe\u00f3w, puchar\u00f3w, podzi\u0119kowa\u0144, medali i dyplom\u00f3w.<br \/>Mo\u017cemy tak\u017ce zaprojektowa\u0107 i wykona\u0107 indywidualny wz\u00f3r takiej nagrody.<\/p>\t\t\t\t\t\t\t\t<\/div>\n\t\t\t\t<\/div>\n\t\t\t\t\t<\/div>\n\t\t<\/div>\n\t\t\t\t\t<\/div>\n\t\t<\/section>\n\t\t\t\t\t<\/div>\n\t\t<\/div>\n\t\t\t\t\t<\/div>\n\t\t<\/div>\n\t\t\t\t<\/div>\n\t\t","protected":false},"excerpt":{"rendered":"<p>Ka\u017cdego dnia walczymy i pokonujemy w\u0142asne s\u0142abo\u015bci: b\u0119d\u0105c w szkole, na uczelni, w pracy oraz rozwijaj\u0105c swoje pasje, uprawiaj\u0105c r\u00f3\u017cne dyscypliny sportowe. Droga do zwyci\u0119stwa cz\u0119sto wymaga wiele wysi\u0142ku a ten powinien zosta\u0107 nale\u017cycie doceniony.W naszej ofercie znajd\u0105 Pa\u0144stwo szeroki wyb\u00f3r nagr\u00f3d, trofe\u00f3w, puchar\u00f3w, podzi\u0119kowa\u0144, medali i dyplom\u00f3w.Mo\u017cemy tak\u017ce zaprojektowa\u0107 i wykona\u0107 indywidualny wz\u00f3r takiej [&hellip;]<\/p>\n","protected":false},"author":1,"featured_media":0,"parent":569,"menu_order":9,"comment_status":"closed","ping_status":"closed","template":"elementor_header_footer","meta":{"footnotes":""},"class_list":["post-647","page","type-page","status-publish","hentry"],"_links":{"self":[{"href":"https:\/\/visualreklama.pl\/index.php\/wp-json\/wp\/v2\/pages\/647","targetHints":{"allow":["GET"]}}],"collection":[{"href":"https:\/\/visualreklama.pl\/index.php\/wp-json\/wp\/v2\/pages"}],"about":[{"href":"https:\/\/visualreklama.pl\/index.php\/wp-json\/wp\/v2\/types\/page"}],"author":[{"embeddable":true,"href":"https:\/\/visualreklama.pl\/index.php\/wp-json\/wp\/v2\/users\/1"}],"replies":[{"embeddable":true,"href":"https:\/\/visualreklama.pl\/index.php\/wp-json\/wp\/v2\/comments?post=647"}],"version-history":[{"count":21,"href":"https:\/\/visualreklama.pl\/index.php\/wp-json\/wp\/v2\/pages\/647\/revisions"}],"predecessor-version":[{"id":2574,"href":"https:\/\/visualreklama.pl\/index.php\/wp-json\/wp\/v2\/pages\/647\/revisions\/2574"}],"up":[{"embeddable":true,"href":"https:\/\/visualreklama.pl\/index.php\/wp-json\/wp\/v2\/pages\/569"}],"wp:attachment":[{"href":"https:\/\/visualreklama.pl\/index.php\/wp-json\/wp\/v2\/media?parent=647"}],"curies":[{"name":"wp","href":"https:\/\/api.w.org\/{rel}","templated":true}]}}